 derivative of -x**4/12 - 2*x**3/3 + 13*x - 24. Let d(k) be the first derivative of r(k). Determine d(-3).
3
Let z = 7 - 3. Let v(o) = -6*o**3 - 2*o**2 + 2*o + 5. Let y(f) = 6*f**3 + f**2 - 2*f - 4. Let d(x) = z*y(x) + 3*v(x). Calculate d(-1).
-7
Let u(i) = 13*i**2 - 15*i - 24. Let t(l) = 8*l**2 - 7*l - 13. Let x(s) = -5*t(s) + 3*u(s). Give x(-6).
17
Let u(j) = -2*j - 6. Let k(f) = 5*f**2 - 23*f + 36. Let v(w) = -4*w**2 + 22*w - 34. Let b(z) = 5*k(z) + 6*v(z). Let o be b(-18). What is u(o)?
6
Let l be (5 - (-1 + 1)) + -1. Let h(b) = 7*b**2 - 21*b - 30. Let p(y) = -8*y**2 + 24*y + 35. Let g(c) = -7*h(c) - 6*p(c). Determine g(l).
-4
Suppose 90 = -22*z + 24. Let n(u) = u**2 + 2*u - 4. Determine n(z).
-1
Let s(c) = c + c**2 + 4*c**2 + 4 + 2*c**2. Let k be 0*(-2 + 1) + 3. Let z(t) = -t**2 - 1. Let f(a) = k*z(a) + s(a). Give f(-1).
4
Let b(l) = l**2 + 12*l - 5. Let i(a) = a + 3. Let k(s) = -3*s - 7. Let y(w) = -5*i(w) - 2*k(w). Let h(p) = -b(p) + 6*y(p). What is h(-7)?
-8
Suppose -10 = 3*o + 4*y, 0 = -4*o - 6*y + 3*y - 18. Let m(r) = 3*r**2 - 12*r - 3. Let u(f) = f**2 - 6*f - 2. Let s(t) = 2*m(t) - 5*u(t). Determine s(o).
4
Let w(i) = i**3 - 4*i**2 - 8*i + 7. Let j(l) = l**2 + 3*l - 9. Let d be j(-4). Let x be d*(-5 + 4)*1. Calculate w(x).
-8
Let f(x) = x**2 - 4. Suppose -l + 10 = l. Let h(b) = -b**2 + 4*b + 4. Let i be h(l). Let s be (11 + -5)*i/(-2). What is f(s)?
5
Let s(z) = -z. Let c(g) = g + 1. Let h(n) = -9*c(n) - 8*s(n). Calculate h(7).
-16
Let z be (-4)/5 - (-1)/(-5). Suppose 7*a = 8*a + 6. Let b(i) = 2*i**2 + 2*i - 5. Let h(t) = 6*t**2 + 6*t - 14. Let f(x) = a*h(x) + 17*b(x). What is f(z)?
-1
Let b(q) = -q**2 + 6*q + 1. Let n = 42 + -36. Calculate b(n).
1
Let x(s) = -3*s**2 + 17*s + 2. Let r(y) = -5*y**2 + 26*y + 3. Let k(a) = 5*r(a) - 8*x(a). Let n = -34 + 19. Let t be ((-4)/6)/(n/(-135)). Give k(t).
-1
Let o = 2107 - 2105. Let j(r) be the second derivative of 1/2*r**o + 0 + 13*r - 1/6*r**3 - 1/6*r**4. Calculate j(-2).
-5
Suppose 2*c - 4*c + 10 = 4*z, -4*c - 2 = -3*z. Let r(l) = -26*l**3 + l. Determine r(c).
-25
Let o be ((-21)/14)/(2/(-8)). Let z(x) = 9*x**2 - x**3 - 3*x**2 + 3 - o*x**2 + 9*x - 6*x**2. Give z(-7).
-11
Let t(j) be the first derivative of j**7/840 + j**6/60 - j**5/15 - 3*j**4/8 - 10*j**3/3 + 5. Let a(w) be the third derivative of t(w). What is a(-7)?
-2
Let z(m) = 4*m + 33*m**2 + 5 - 14*m**2 - 10*m**2. Let k(l) = 19*l**2 + 9*l + 11. Let r(s) = -6*k(s) + 13*z(s). Determine r(-2).
15
Let a(o) = -o - 5. Suppose z - 6*q = 3*z - 16, 20 = 5*z + 5*q. What is a(z)?
-7
Suppose 4*u - 18 = u. Suppose -u*z + 4*t = -2*z - 32, 16 = 3*z - t. Let v(i) = -i**3 + 5*i**2 - i - 5. What is v(z)?
7
Let v(a) = a**3 - 9*a**2 - a + 10. Let c be v(9). Let r(x) be the first derivative of -x**3 + x**2/2 + 11. Give r(c).
-2
Let x(o) = 3*o + 5. Let n be 2/(5*(-12)/(-210)). Calculate x(n).
26
Let x be 70/20*8/14. Let n(y) be the first derivative of -1/2*y**x + 5 + 4*y. What is n(6)?
-2
Let o(q) be the first derivative of q**5/40 - q**4/12 - 4*q**3 - 6. Let y(c) be the third derivative of o(c). What is y(3)?
7
Let t(w) = w**3 - 3*w**2 + 3*w - 1. Suppose 2*z - 2*b - 5 = -7*b, 0 = z - 3*b - 8. Let m be 1 + 2*(-1)/2. Suppose m*i = -z*i + 10. Determine t(i).
1
Suppose -k = -2*p - 97, 4*k = 5*p - k + 255. Let c be (-16)/56 + p/(-14). Suppose 2*w - 5*d = -9, -4*w + c*d = -17 - 0. Let g(y) = -y - 4. Calculate g(w).
-12
Suppose 11*o + 113 = 3. Let u be o/3*(-54)/30. Let g(p) = p**2 - 6*p - 2. Give g(u).
-2
Let w(f) = -5 - 3 - 20*f + 42*f - 20*f. Calculate w(0).
-8
Suppose 5*x - q = 2*q + 69, -41 = -3*x + 2*q. Let c(u) = x*u - 6*u + u**2 - 16*u + 4. Suppose -5*n - 50 = -0*t - 5*t, -t - 5*n = 14. Calculate c(t).
-2
Let l(i) = i**3 - 3*i**2 + i - 4. Let d be l(3). Let u(h) = 1. Let v(m) = m. Let g(c) = d*u(c) + v(c). What is g(-3)?
-4
Suppose 3*p + z = 2*z + 2, -p = -3*z + 2. Let t(o) = -o**2 + 6*o - 9. Let y(j) = -1. Let l(w) = p*y(w) - t(w). What is l(6)?
8
Let n be 6/14 - (-1888)/413. Let u(f) be the second derivative of 2*f**2 + 5/12*f**4 - 1/20*f**5 - f + 0 + 0*f**3. Give u(n).
4
Suppose t + 0*t = -t. Let x(r) = -r**3 - 30. What is x(t)?
-30
Let a(f) = -11*f - 6. Let k(m) = 5*m + 3. Suppose -4*r + 0*c = -c - 56, 5*c = 2*r - 46. Let d(h) = r*k(h) + 6*a(h). What is d(7)?
-4
Suppose -2*m + 2*k + 6 = -3*m, 5*m - 4*k - 40 = 0. Suppose -23 = -9*y + m. Let l(b) = -b**2 + 2*b. What is l(y)?
-3
Let z(y) = 2*y**2 + 0*y**2 - 3*y + 0*y**2 + 2*y. Let q(c) = c**2 + c. Let n(a) = -3*q(a) + z(a). Suppose 2*s + u + 3 = 0, -2*u = -s - 3*s - 26. Calculate n(s).
0
Suppose -g = -6*g. Let s(z) be the second derivative of -z**5/20 - z**4/12 + z**3/6 - 7*z**2/2 - 109*z. What is s(g)?
-7
Let q be 4 + -4 + 0 + -2. Let a(c) = c + 5. Let m be a(q). Let t(z) = 3 - 4*z - z + 3*z + m. What is t(4)?
-2
Let i = -63 - -58. Let b(f) = f**2 + 5*f. Give b(i).
0
Let n(w) = -1390*w + 1 + 1388*w + 0 + 3. Give n(5).
-6
Let u(n) = -5 + n**2 + 3*n - n**3 + 1 + 1. Suppose 5*b - 23 = c, 5*b + 4*c - 18 = 3*b. Suppose b*j + 2*o = 0, 2*j - o + 2*o + 1 = 0. Give u(j).
-1
Let p(u) = -u**2 + 5*u + 3. Let v = -133 - -139. What is p(v)?
-3
Let o(m) = 9*m + 6 + 16*m**2 + 16*m**2 - 31*m**2. Give o(-7).
-8
Let l(i) be the first derivative of -3*i**2/2 - 19*i + 39. Calculate l(-8).
5
Let a = -47 - -61. Let o(p) = -p + 16. Let m be o(a). Let h(z) = -z**2 + z**3 + 0*z**2 - 2*z**3 + 0*z**2. Give h(m).
-12
Let f(a) = -12*a**3 + a**2 + 3*a + 1. Let h be f(-1). Let m(t) = -3*t - 1 + 4*t + h*t**3 + 0*t - 8*t**3. Suppose -2*v = 3*v - 5. Calculate m(v).
3
Suppose 0 = -a + 2*a. Suppose -15 = -3*z + 2*i - 5*i, 4*z - 4*i - 28 = a. Let m(l) be the first derivative of -l**3/3 + 5*l**2/2 - 4*l + 1. What is m(z)?
-10
Let y(i) = -30 + 2*i**2 + 10 + 8 + 10 - 5*i. What is y(4)?
10
Let c(v) = -v**3 + 6*v**2 - 2*v + 2. Suppose l + 0*l = 0. Suppose 11 = -3*s - l*s + q, 0 = -2*s + 2*q - 6. Let u(x) = -3*x - 6. Let t be u(s). What is c(t)?
-10
Let r(l) = 7*l - 10. Let q(u) = 12*u - 19. Let k(x) = 3*q(x) - 5*r(x). Calculate k(3).
-4
Let y be 4/(-2)*(-5)/10. Let l(a) = 3*a + 1. Let q(x) = -4*x - 3. Let k(o) = -9*o - 7. Let p(v) = 2*k(v) - 5*q(v). Let w(n) = -3*l(n) + 4*p(n). Calculate w(y).
0
Let i(x) = -10*x**2 - 18*x**2 + 2*x**3 - 2 + 18 + 9*x + 5*x**2. What is i(11)?
-6
Suppose -2*k = 5*z + 17, k + 0*k + 2*z = -7. Let f(b) = -8*b - b - 2 + 5*b + 3. What is f(k)?
5
Suppose -n - 1 = -2. Suppose -t + 5 + 2 = c, 19 = c + 4*t. Let l(u) = 3 + 13*u**c - u**2 - 2 - 9*u**3 - u. Determine l(n).
3
Let k(m) be the third derivative of m**5/60 + m**4/4 - 2*m**3/3 + 636*m**2 + 1. Determine k(-7).
3
Let b(a) = -5*a - 1. Let j(l) = 9*l - 4. Let f(x) = b(x) + j(x). Determine f(6).
19
Let d(s) = 15*s - 20. Let p(q) = 8*q - 10. Let u(h) = 4*d(h) - 7*p(h). Calculate u(4).
6
Suppose 9 = -3*t, -4*s - 4*t = -9*t - 39. Let w(c) = 8*c - s - 12 - c**2 - c + 16. Determine w(6).
4
Suppose -10*l - 7 = -3*l. Let w(v) = 39*v - 1. Give w(l).
-40
Suppose -7*i + 92 = -3*i. Suppose -f = -l + 5, 3*f = -l - 4*l - i. Let n be (-27)/12*(-16)/f. Let c(w) = -w. Calculate c(n).
6
Suppose -5*f + 4*j - 30 = 0, f + 0*j - 3 = -j. Let c be f - ((2 - 1) + -3). Let k(g) be the first derivative of g**2/2 - 3*g + 1. Calculate k(c).
-3
Suppose 3*n - 2*n = 2. Let t(k) = 29*k + 25. Let w(u) = 14*u + 12. Let z(a) = 3*t(a) - 7*w(a). Let f(i) = -5*i - 4. Let l(q) = -7*f(q) + 3*z(q). Give l(n).
5
Let m = 24 - 12. Let g be ((-1)/(-3))/(2/m). Let h(s) = -3*s - 3*s + 2*s + 2. What is h(g)?
-6
Let f(a) be the second derivative of a**5/20 - 5*a**4/12 + 2*a**3/3 + 4*a. Let t be (-28)/(-8) + (-1)/(-2). Determine f(t).
0
Suppose -10 + 5 = u - v, 5*v = u - 7. Let q(y) = y**3 + 10*y**2 + 19*y + 11. Determine q(u).
-13
Suppose 239*a + 381*a + 2126 = 266. Suppose 0 = m + m - 4. Let s(h) = -h**3 + h + h + 2 - h**m + 2*h. Calculate s(a).
8
Let q(h) = -9*h + 16. Let u(r) = -4*r + 11. Let i(f) = -6*q(f) + 13*u(f). What is i(-24)?
-1
Let n(a) = -3*a**2 + 2. Let j(u) = -7 + 13 - 8 + 2*u + u**3 + 4*u**2 + 0*u**3. Let c be j(-2). Give n(c).
-10
Let q be ((-2 - -14) + -13)*-3. Let y(p) = p**2 - p. Let b(s) = -2*s**2 - 2*s + 4. Let a(g) = b(g) + 3*y(g). Calculate a(q).
-2
Let m(g) = -g**3 + 14*g**2 + 17*g - 11. Let x be (-477)/(-33) - 3*(-14)/77. What is m(x)?
19
Let m(c) = 5*c. Let o(q) = 2*q. Let g(b) = -3*m(b)